+ -3 + -2 + 1 + (-266 - -189)?
-75
What is the value of (60 + 23 - 95) + (4 + (0 - 2) - -9)?
-1
Evaluate 24 - (-31 - -48 - (-1 - -7 - -3 - -2)).
18
Evaluate 216 + -102 + -194 - (-11 - (-1 - -1)).
-69
What is (-7 - 7) + 1311 + -1184?
113
What is the value of -109 + (36 - -42) - (-2 - (5 + -1))?
-25
Evaluate (-16 + 33 + -9 - (-10 - -14)) + -2 + -57.
-55
What is 6 + -6 + 9 + -8 + -12 - -44?
33
(-13 - -2 - -7) + (2 - -5) + 241 + -111
133
What is the value of -16 + (5 - -36 - (-4 - -2))?
27
Evaluate -124 - -182 - (-19 - (-2 - 9 - -11)).
77
Calculate (-17 - -27) + -30 - (7 + -14 + -63).
50
What is -17 + -2 - ((14 - 90) + 82)?
-25
Evaluate (-4 - -3) + 3 - (-14 + (56 - 45)).
5
-14 - (5 - (6 - (133 + -132 - (-2 - 10))))
-26
What is the value of -7 - 99 - (1552 - 1634)?
-24
Calculate 358 - 312 - (1 + (0 - 1) + (-3 - -8)).
41
-12 + (-9 + -16 - -20)
-17
Calculate (-4 - -18 - 18) + -6 + 13 - 45.
-42
What is the value of -5 + 1 - (7 + -4) - (18 - 24 - -14)?
-15
Evaluate -35 + (-36 - (-51 + 23)) - 32.
-75
Calculate -12 + (-11 - (-30 + (19 - (15 + -8)))) - 10.
-15
Evaluate 6 - (102 + (13 - 12) + -43 + 24).
-78
Calculate 60 - (39 + 38 + (-44 - 32)).
59
Calculate -86 - (-8 - 49) - -24.
-5
Evaluate -96 - (-66 + (52 - 25)).
-57
(1 - -3) + 8 + -11 + (-321 - -264)
-56
Calculate -7 - (-13 - 10) - (-32 + -53).
101
What is -17 + 34 + -61 + 98?
54
16580 - 16574 - (17 + -1 + -2 + 1) - -4
-5
Calculate 36 - (26 + (35 + -26 - 48)).
49
-9 + 11 + (7 - -1 - 6) - (-15 - -6)
13
Evaluate (-3 - 17) + (-29 - -71 - 56 - (-16 + -1)).
-17
Evaluate -29 + -6 + 10 + -5 + (-8 - -1).
-37
Evaluate (202 - 218 - (-69 + 1)) + -2.
50
Evaluate 13 - 10 - (-50 + -2 + 3 + (7 - 15)).
60
What is -24 + 16 + (10 - 17) - (54 + 4)?
-73
What is the value of 107 + -6 + -81 - (-4 + -4 + 65)?
-37
What is 52 - 37 - ((-1 - -1) + 5) - (-23 + 28)?
5
287 + -264 + (-55 - 0) - (-8 - (1 - 1))
-24
What is the value of 32 - (-7 - -5) - (138 + -83)?
-21
Evaluate -3 + -4 + 18 - ((62 - 60) + (4 - 2)).
7
Evaluate (-14 - -86) + -33 + (16 - -2).
57
What is the value of -22 - -12 - 6 - (-39 + 14 + 10)?
-1
What is 4 + -5 + -13 - (38 - 27)?
-25
Calculate 5 - (-7 - (7 - (5 + 2)) - (12 - 70)).
-46
Evaluate -22 + -14 + 59 + 14.
37
11 + -43 + (1 - -24)
-7
126 - (17 + -23) - ((17 - 24) + 26)
113
What is the value of (-1824 - -1821) + (23 - ((-1 - 0) + 4))?
17
(-4 - -3 - -39) + -99 + 71
10
95 - ((21 - (4 + 37)) + 47)
68
Evaluate -14 - -123 - (6 + 51).
52
What is the value of -1 - (24 - 0) - (593 + -597 + 11 + 1)?
-33
What is 13 - (-13 + (0 + 6 + 7 - 29))?
42
80 - (266 - (130 - 71))
-127
Calculate 20 + 11 + 5 + -5 + -7.
24
Calculate 1 + 0 - (-2128 - -2197).
-68
Calculate (36 - 47) + 1 + (5 - -17) - 8.
4
(-39 + 9 - 49) + 154
75
Evaluate (5 - (5 - 5)) + 1206 + -1114.
97
Evaluate (-2 - (3 + -15 + (-3 - -7))) + (546 - 561).
-9
What is the value of 68 - ((-41 + 16 - -11) + 29 + 1)?
52
What is -5 - (-41 + 74) - -30?
-8
What is (-33 - -17 - (-6 + (-2 - -8))) + -8 + 96?
72
What is the value of (-139 - 7) + 375 + -333?
-104
70 - (91 - 29) - (-1 - -1 - -81)
-73
Evaluate -1 - 7 - (-594 + 585 - (1 + 0 - -4)).
6
What is 18 + (-19 - -17) + 23 + -67?
-28
(-6 - -4) + (-28 - (34 - 69))
5
What is the value of -143 - (-36 - 128 - -83)?
-62
((-7 - -16) + -15 - (2 + -2)) + (-51 - -12)
-45
What is (-66 - ((2 - 0) + 2)) + 1 + (59 - 70)?
-80
Calculate 14 - ((-12 - (16 + -20 + 0)) + 1 + 46).
-25
Evaluate -83 + (-76 - -25 - -113).
-21
What is -42 + (-17 - -26) + 59?
26
What is the value of (6 + (-16 - -8) + 26 - (12 - 6)) + -4?
14
146 - (-204 + 313) - (2 + -113)
148
What is the value of 10 + (18 - (-25 + 55)) + (-1 - -41)?
38
Calculate (6 - (5 - 25)) + 22.
48
-6854 - -6884 - (-1 - 41)
72
Calculate -817 + 802 - (34 - (1 + -7 + 4)).
-51
Evaluate 128 - (305 - 150) - (1 - 173).
145
(-117 - (2 - 3)) + 3 + (74 - 36) + -24
-99
What is 50 + -7 + (15 - (-26 - -43))?
41
Evaluate 103 - (-22 + 43 - 65 - -35).
112
5 + (3 - 4 - (-106 + 93 + (5 - -1)))
11
Evaluate (-2 - 24) + -2643 + 2726.
57
What is 269 + -118 + -107 - 116?
-72
-1 + (3 + 7 + -3 - (31 + -36))
11
Evaluate 513 + -461 - (-1 + (9 - (-4 + 5 + 3))).
48
What is -9698 + 9665 - (-1 + -28)?
-4
What is the value of 45 - (-60 - -114) - (-3 + -52)?
46
(-73 - -66) + (17 - (9 - -2) - (-76 + -1))
76
What is 101 + -8 + 7 + -5 + 43 + -56?
82
Evaluate -13 - (-60 + (82 - 21) + -24 + -1).
11
What is -2 - -4 - (18 - (7 + 9 + -7))?
-7
What is -449 - -309 - (-273 + 19)?
114
Calculate -9422 + 9462 - (25 + 1 + -1).
15
0 + -1 + 14 + -13 - 1
-1
What is the value of 95 + (-76 - (45 + -42))?
16
What is 43 + -60 + 13 + 27?
23
What is the value of -305 + 328 - (57 + -4)?
-30
(-108 - -33 - 41) + 91
-25
What is the value of -11 + 41 + 9 + -11 - (20 + 9 + -16)?
15
Calculate 142 + (3 - 4 - (-2 + 5 + 22 + -16)).
132
What is the value of -6 + 3 + -68 + -17 + (77 - 36 - 22)?
-69
What is the value of (-36 - -5 - -21) + 6 - (-1 + 0)?
-3
(20 - 44) + -58 - -40
-42
What is the value of (2 - (1 - -21 - 2)) + (3326 - 3351)?
-43
What is the value of -7 + 63 - (-24 + 56)?
24
Calculate 7 + -79 + (0 - (6 + (10 - 16) - 10)).
-62
Evaluate -238 - -109 - -133 - (4 + 0 - -2).
-2
Evaluate 22 - 47 - -23 - (5 - -6) - -69.
56
Calculate 23 - (12 - 5) - ((-15 - 26) + 13).
44
Calculate -104 + 130 + (22 - (-2 + 41)).
9
Evaluate (-22 - -4) + 3 - 2 - -15.
-2
80 - 77 - (0 + (1 - -11) - -85)
-94
What is 11 - 2 - (71 - 30 - (0 + 0))?
-32
What is the value of (-117 - -1) + (-983 - -1003)?
-96
-118 + 16 - -105 - (0 - 55)
58
What is -10 - 4 - (-20 - (49 - 14))?
41
What is -47 + (-23 + 23 + 16 - -3)?
-28
Calculate -46 - ((-8 - 20) + 29).
-47
Evaluate 66 - (10 - (-19 + (-31 + 15 - -31))).
52
Evaluate (0 - 58) + 2 + 2753 + -2744.
-47
What is the value of 0 + 28 + 3260 + -3325?
-37
What is -13 - (-12 + (-13 - -18)) - (0 + 6)?
-12
What is the value of 1 + 18 - (19 - 13) - (-15 + 16 - -6)?
6
What is the value of -67 + -28 - (134 + -136)?
-93
Calculate -9 - 2 - (-12 + -17 + 94).
-76
What is 5 + 18 - (42 - 4) - (-1 - 0)?
-14
Evaluate 36 + (-34 - -53) + -19.
36
What is 81 + -4 + 45 + -43?
79
What is 3 + -13 - (24 + (27 - 28))?
-33
Evaluate -9 + 8 + 8 - (124 + -108) - (-1 + 6).
-14
What is the value of -4 + 1 + (88 - 1) + -22 - -13?
75
What is the value of ((11 - 7) + -3 - (1 + -2)) + 6 - 27?
-19
What is 212 + -207 + (-16 - 9)?
-20
What is the value of -8 - ((-20 - (11 - 33)) + 13 - (-81 + -5))?
-109
What is (239 - (194 - 121)) + -264?
-98
Calculate 30 + -44 + 12 + (-3 - (2 - 28)).
21
What is the value of 10 + -13 + 34 + -43 - (-1 - 3)?
-8
73 + 3 + -85 - (-1 + -22 + 3)
11
What is 61 + (-231 - -72 - -30)?
-68
What is the value of 169 - 175 - (36 - -2 - -1)?
-45
Evaluate 84 - (26 + (6 - (-25 + 35))).
62
Calculate 7 - (-4 + -5 + (8 - 2) + (-9 - -21)).
-2
-15 + (43 - (-33 - -59)) - (0 + -1)
3
What is the value of (222 - 204) + (3 - ((7 - -1) + 71))?
-58
Evaluate (57 - (-22 - -41) - 29) + -16.
-7
Calculate -6 - ((8 - (-4 + 111)) + 9 + (41 - 34)).
77
Calculate (0 + 0 - -4) + (1462 - 1515) + (0 - -27).
-22
Evaluate -9 - (-17 + 7 + (-12 - -10)) - (0 + -77).
80
What is the value of 21 + 16 - (-5 + 9 - (-5 + 18))?
46
What is 48 - (-27 - (49 - 168))?
-44
What is -7 + 43 - (107 + -103)?
32
What is the value of -114 + (4 - 6) + 13 + -34 + -13?
-150
What is the value of (-13 - -2 - -2) + -8 + (23 - -1 - 4)?
3
Calculate -38 + 22 + (87 - 45).
26
Evaluate (30 - 0) + -39 + (42 - (-2 + -3)).
38
Calculate -12 + (47 - 21 - 37 - -29).
6
What is (-10 - (17 - 103) - 15) + (2 - 11)?
52
-103 - ((44 - (20 + -5)) + 12)
-144
Calculate -67 + 60 + 0 + 42.
35
Evaluate -1 + -12 + (285 - 191 - -26).
107
Evaluate 21 + 24 + (7 - 19) + (-29 - -14).
18
Evaluate (2 + -12 - (-6 - 6 - -1)) + -50.
-49
Evaluate 9 - ((-14 + -6 - -26) + -16).
19
What is -2701 + 2692 + -2 + -67?
-78
Evaluate 101 + -119 + (37 - -15).
34
What is the value of -11 - (0 + (-12 - -27) + -30) - (1 - -64)?
-61
What is -22 + (-22 - -38) + -8 + -82?
-96
Calculate (-102 - -44) + 44 + 33.
19
Evaluate -13 + (21 - (24 + -10)) - (-95 - (-7 - -5)).
87
Evaluate -33 + 50 - (8 + -18 + 1).
26
What is -3 + 2 - 1 - -8 - (-527 - -499)?
34
Evaluate 41 - (3 - (-88 - -98)).
48
Calculate (0 - 28) + (19 + -27 - (26 + -23)).
-39
Calculate 33 + -67 + 29 + -59.
-64
What is the value of 9 + (31 + -47 - (-6 - 16))?
15
Evaluate 0 - (5 - (8 + -3)) - (65 + -58).
-7
Calculate (0